032. Suppose 3*c - s = 274. Let g = c + -101. Is g a prime number?
False
Let m(o) = o**2 - 2*o + 2. Let n be m(2). Let q(h) = h**n + 3*h**2 - 4 + 5*h**2. Is q(3) prime?
False
Suppose -3*j - 23 = -2*x, -4*x + 4*j = -22 - 14. Suppose -x*g + 1476 = -2336. Is g a prime number?
True
Let g(b) = -6*b - 9. Is g(-4) a prime number?
False
Let z(d) = -15. Let c(b) = 481. Let h(u) = -2*c(u) - 65*z(u). Let q(v) = -v**3 - v**2. Let t(r) = h(r) + q(r). Is t(0) a composite number?
False
Suppose i - 661 = 4*l + 612, 3*i - 3779 = 2*l. Is i a composite number?
True
Let u(b) = 8*b + 5*b + 5 + 18*b + 26*b. Is u(4) a composite number?
False
Suppose -21*s - 1266 = -27*s. Is s composite?
False
Let l(x) = -x**2 + x + 85. Is l(0) a prime number?
False
Suppose 4*a - 966 = -2*a. Is a a prime number?
False
Let c(t) = -97*t - 9. Is c(-4) composite?
False
Let r = 172 + -82. Let s = r - -31. Is s prime?
False
Let u = 36 - -11. Is u composite?
False
Suppose -5*r + 792 = -863. Is r a composite number?
False
Let b = -62 + 151. Is b a composite number?
False
Let a(s) = 2*s + 10. Let z be a(7). Let j(u) = u**2 + 2*u. Let i be j(-1). Let f = z + i. Is f a prime number?
True
Suppose 3*o + 179 = 4*o. Is o prime?
True
Suppose -4*q + 7*q = 789. Is q prime?
True
Is (-2901)/9*((-28)/4 - -4) a prime number?
True
Let y = 12 - 10. Suppose -4*v - 5*j = -631, 5*v + j - 792 = -y*j. Is v a composite number?
True
Let c = -5 - -8. Let j = c - 1. Suppose -k + 1 = 0, j = -t + k + 14. Is t a prime number?
True
Is -4854*(-4 + (-28)/(-8)) a prime number?
False
Suppose 0 = 2*s - 3 - 1. Suppose 2*b + s*b = 132. Is b prime?
False
Let j = 37 + 106. Is j a prime number?
False
Let x be 2 - 2*(-3)/6. Suppose -x*c - 5*t = -222, -2*t = 2*t + 12. Is c prime?
True
Suppose 3*p = 4*p - 98. Suppose -u + p = 9. Is u a prime number?
True
Let l(i) be the first derivative of i**3/3 - 7*i**2/2 - 5*i - 1. Let n be l(7). Let o = 44 + n. Is o a composite number?
True
Let f be 12/10*(-5)/(-2). Suppose 523 = f*u + 46. Is u a prime number?
False
Is 153432/16 + (-10)/4 composite?
False
Suppose -a = -5*a + 3*s - 45, 27 = -2*a + 3*s. Is (-1774)/(a + 4 + 3) a composite number?
False
Let z(q) = -7*q**2 + q - 8. Let p be z(7). Is p/(-24) - 1/3 composite?
True
Let r(g) be the second derivative of -g**5/20 - 11*g**4/12 - 11*g**3/6 - 2*g**2 + 2*g. Is r(-10) composite?
True
Let m(r) = 6*r + 5. Is m(3) a prime number?
True
Suppose 0*h + 4*w = 2*h, -w = -3*h + 5. Let s be 4*(-27)/8*-2. Is ((-4)/h + s)*1 prime?
False
Let w = 6 + 5. Let c(b) = 10 + w - 16 + b**2. Is c(4) a composite number?
True
Let z(i) be the third derivative of 5*i**4/12 - 7*i**3/6 - i**2. Is z(6) prime?
True
Let a(y) = 24*y**2 - 2*y + 2. Let j(q) = -24*q**2 + 2*q - 1. Let s(z) = -2*a(z) - 3*j(z). Is s(2) composite?
True
Suppose 0*w - w - 441 = -5*b, 4*b - 340 = 4*w. Is b composite?
False
Suppose -5*d + 20 = 0, 0*z + d = z - 181. Is z a composite number?
True
Let g(s) = -s**2 - 5*s - 4. Let h be g(-4). Suppose -n + 4 - 3 = h, -3*q - 4*n + 358 = 0. Is q composite?
True
Let h = 8 - 1. Suppose 0 = 3*d + 1 - h. Suppose -d*r + 4*o + o + 165 = 0, 4*r + 4*o - 344 = 0. Is r composite?
True
Suppose 5*h = h + 580. Is h a composite number?
True
Let p be 5 + -2 + (-2 - -2). Let c be (p + -12)*4/6. Is (-106)/(-3) - (-2)/c prime?
False
Suppose 1 = -2*a + 31. Is a a composite number?
True
Suppose -b + 5 = 4*b. Let h be (b/3)/((-1)/(-12)). Is (h + -1 + -2)*85 composite?
True
Let f(p) = 3*p**2 + 7*p + 5. Is f(9) prime?
True
Suppose 5*c = -0*c + 20, -c - 451 = -5*t. Is t a prime number?
False
Let r(q) = -q**3 + 7*q**2 - 6*q + 8. Let n be r(6). Suppose 0 = 3*b - n*b + 185. Is b composite?
False
Suppose 6 - 39 = -t + 4*b, 3*b - 19 = -t. Suppose -3*l = 2*l - t. Suppose 4*s = 6*s - k - 110, -20 = l*k. Is s composite?
False
Suppose 4*q = -3*q + 3353. Is q a composite number?
False
Suppose -2 = -5*h - 2*k, 5*h - 4*h - 5*k - 22 = 0. Suppose -2*f + h*c = -78, 0*f + c = 3*f - 113. Is f a composite number?
False
Let k(a) = -a**3 - 4*a**2 + 2*a + 14. Is k(-6) a composite number?
True
Let g = 106 - -549. Is g a composite number?
True
Suppose 1207 = 4*t - 69. Is t prime?
False
Suppose 3*o + 4 - 22 = 0. Suppose -2*g - 6 = -4*g, -4*t = -g + 39. Let m = o - t. Is m a prime number?
False
Let g(x) = x**2 + 19*x - 22. Let n be g(-22). Let a be (-10)/4*(-13 - -1). Let m = n - a. Is m prime?
False
Suppose 10279 - 392 = 3*f - 2*d, 0 = -3*d + 15. Is f prime?
True
Is (0/(-1))/3 + (1359 - 2) prime?
False
Suppose 3*x - 399 = -5*i, 4*x - 393 = x - 3*i. Let n = -70 + x. Is n composite?
True
Let t be 4/((-12)/(-93)) - 1. Let s = 229 + t. Is s a prime number?
False
Suppose f - o = -0*f - 7, -2*f = -o + 13. Let q(v) = -v**3 - 4*v**2 - 2*v + 8. Let t be q(f). Suppose -3*z + 575 = t. Is z prime?
False
Let g(a) = 2*a - 3. Let r(n) = -2*n**3 + 1. Let s be r(-1). Let h be g(s). Suppose -2*d = -h*u + 76, -3*u - 5*d + 2*d + 81 = 0. Is u a composite number?
True
Suppose -2*b + 4*b + 4 = 0. Let o = b - 4. Is 172/12 - (-2)/o composite?
True
Suppose 5*x = 3*x + 4. Is 1/2*60/x a prime number?
False
Let g = -129 + 274. Is g prime?
False
Let s(z) = -z**3 + 7*z**2 - 8*z + 14. Let k be s(6). Let n = 50 + -35. Suppose -j = -k*j + n. Is j a prime number?
False
Suppose 5*j = 2*x - 546, -5*x + 0*j = j - 1311. Is x a prime number?
True
Let u(v) = -v**2 - 10*v + 1. Let z be u(-10). Let p(l) = 216*l**3 + 2*l**2 - 1. Is p(z) composite?
True
Let p be 1/(-2) - 4/(-8). Let t = 2 - p. Let q(k) = 10*k - 1. Is q(t) composite?
False
Let m = 111 + -36. Let c = -42 + m. Is (-6)/9*3 + c a composite number?
False
Let f be ((-2)/(-4))/(1/(-2)). Let m be (-21)/(-2) + (-12)/24. Let o = m + f. Is o prime?
False
Let r(y) = 152*y**3 + 4*y**2 + 1. Is r(1) a composite number?
False
Let m(i) = i**3 + 6*i**2 + i + 3. Let y be m(-6). Let w be y/(18/(-4))*-9. Is (w/4)/(6/(-88)) a prime number?
False
Suppose -4 = -r + i, -4*i = 2*r + i - 8. Suppose -r*f + 102 = -98. Suppose 6*s = 3*c + 2*s - 163, 0 = c + 3*s - f. Is c a composite number?
False
Suppose x - 19 + 6 = 0. Is x prime?
True
Suppose -2*n = 3*n - 3*u - 24676, -3*u = -3*n + 14808. Is n composite?
True
Suppose 0 = k - v + 3, 3*k + k = 3*v - 9. Let j be 4 - 1/(4/4). Suppose -j*w + w + 98 = k. Is w a composite number?
True
Let t(x) = 6*x**2 + 3*x - 4. Let z = 33 + -13. Suppose 0*b - z = -4*b. Is t(b) a composite number?
True
Suppose -14 = c - 101. Suppose -c = -2*q - 5*k, -3*q - 2*q + 160 = k. Is q a composite number?
False
Suppose 10*v + 112 = 322. Is v composite?
True
Let n be (-1)/((-10)/4)*5. Let r(a) = -3*a + 3 + 6*a**2 - 2*a - 3*a**2 + a. Is r(n) composite?
False
Let u be 1*(2/2 + 4). Suppose -5*i - 15 = -u. Is (-1)/i*(4 - -102) prime?
True
Suppose 0 = 2*y - 356 - 664. Suppose 0 = u + 2*u + y. Let i = -115 - u. Is i composite?
True
Suppose 2*l - 413 = y, -5*l = -y + 3*y - 1055. Is l a prime number?
False
Is 254*(-2 + 14/4) prime?
False
Let c = -8 + 13. Suppose -6*j + 3*j + 24 = -3*g, c*j - 5 = -2*g. Suppose -3*m + 310 = 2*s, -j*m - 5 = -17. Is s a composite number?
False
Suppose 4*o = 2*x - 104, x = 2*x - 2. Let u(f) = -f**3 + 9*f**2 - 3*f + 7. Let n be u(7). Let s = n + o. Is s prime?
True
Suppose 6 = 2*t - 0*t. Suppose 1057 = 4*i - 3*n, 4*i = t*i - 3*n + 268. Suppose -2*p = 3*p - i. Is p prime?
True
Suppose -3*y + 6 = -0*y. Let o be 240/(16/6 - y). Suppose -6*i + f = -2*i - o, 0 = -i + 2*f + 97. Is i a composite number?
False
Let g = 42 + 67. Is g a prime number?
True
Let a(b) = b - 4. Let k be a(4). Suppose k = q - 3 - 32. Is q prime?
False
Let q = 69 - 39. Is ((-222)/(-10))/(6/q) a composite number?
True
Let y(b) be the second derivative of b**4/12 + b**3/6 + b**2/2 + 2*b. Let v be y(-5). Let f = v + 16. Is f composite?
False
Let z(r) = 13*r + 8. Let f(p) = 6*p + 4. Let u(a) = 5*f(a) - 3*z(a). Is u(-3) composite?
False
Let r(j) = -j**2 - 8*j + 5. Suppose 0 = 4*n - 2*f + 46, 3*f = 4*n - 9*n - 30. Let b be r(n). Is 1/b + (-1029)/(-4) a composite number?
False
Let o(t) = t**2 + t + 13. Is o(6) composite?
True
Let d(m) be the first derivative of 9*m**2/2 - 3. Let a be d(2). Suppose 0 = -3*w - 0*w + a. Is w composite?
True
Suppose 634 = -2*p + 4*p. Is p composite?
False
Suppose -3*v = -3235 + 262. Is v composite?
False
Let j(d) = 9*d - 3. Is j(6) composite?
True
Suppose 246 = 5*n - 5*u - 2684, -4*n +